rs of h.
2, 7
Let h = 1005 + -514. List the prime factors of h.
491
Suppose 5*z + 7*z = 0. Suppose -5*y + 1315 = -z*y. What are the prime factors of y?
263
Let w(b) = b**2 - 6*b + 3. Let u be w(6). Suppose -3*t + t + 9 = u*s, 4*t = 4*s + 8. Suppose -t*n + 71 = -4. List the prime factors of n.
5
Let h(y) = 10*y**2 + 5*y + 3. Let n(o) = 11*o**2 + 4*o + 3. Let q(g) = 6*h(g) - 5*n(g). What are the prime factors of q(5)?
2, 89
Suppose 675 = 5*i - 4*v, 2*i + 2*i - 4*v - 536 = 0. Suppose 43 = -4*h + i. List the prime factors of h.
2, 3
Let u(m) = -7*m - 1. Let w = 4 + -7. Let n = w - 0. List the prime factors of u(n).
2, 5
Let x(m) = m**2 + 8*m - 39. Suppose 10*a + 14 = 114. List the prime factors of x(a).
3, 47
Let i(p) = 29*p - 5. Let z be i(-3). Let u = 204 + z. List the prime factors of u.
2, 7
Let b be ((-2)/3)/(5/(-1155)). Suppose t = 4*p - 49, -t - 2*t + 5*p - b = 0. Let d = -37 - t. List the prime factors of d.
2
Let i = 0 - 0. Suppose 5*b - 271 = -3*u - u, -2*u + 4*b + 142 = i. What are the prime factors of u?
3, 23
Suppose -39*p + 290390 = 32*p. List the prime factors of p.
2, 5, 409
List the prime factors of (-9198)/(-3) + 60/(-110)*-11.
2, 3
Suppose -7*x - 9 = -2. Let r(c) = -30*c**3 + 2*c + 1. What are the prime factors of r(x)?
29
Let u(z) = 16*z. Let y be u(-1). Let h(r) = 312*r**3 + 15*r**2 - 154*r**3 - 157*r**3 + 3 - 18*r. List the prime factors of h(y).
5, 7
What are the prime factors of 1*-15*(33/(-11) + -34)?
3, 5, 37
Suppose 50*w = 45*w - 125. Let j(l) = -9*l + 64. What are the prime factors of j(w)?
17
Let h be (52/12)/(4/36). Suppose 7*f - 5*f = 5*s - 27, -4*f - 87 = s. Let l = f + h. List the prime factors of l.
2, 3
What are the prime factors of (0 + 1 - -4) + 768?
773
Suppose 0 = -32*m + 42*m - 8530. List the prime factors of m.
853
Suppose -5*h + 42 = 4*k - 15, h + 4*k = 5. What are the prime factors of h*(3 - -2) - (1 + 1)?
3, 7
Let p(n) = 638*n**2 + 5*n + 2. What are the prime factors of p(-1)?
5, 127
Let w = -10 - -50. Suppose -10 + w = -5*c. Let h(l) = 2*l**2 + 10*l + 6. List the prime factors of h(c).
2, 3
Let n(l) = -l**3 - 3*l**2 - 2*l - 1. Let m be n(-3). Let b = m + 10. Suppose i + 2*i - b = 0, -5*i = 5*x - 135. List the prime factors of x.
2, 11
Suppose -3*a - 5*d = -34, -a - 2*a - 3*d + 24 = 0. Suppose 0 = a*z - 58 - 152. What are the prime factors of z?
2, 5, 7
Suppose -84*m - 6688 = -92*m. List the prime factors of m.
2, 11, 19
Let k(i) be the first derivative of -i**4/4 + 10*i**3/3 - 2*i**2 - 12*i + 4. Let r be k(9). Let l = r - 9. What are the prime factors of l?
2, 3
Let d be 13 - 0/((-2 - -2) + 1). Suppose -d = -x - 1. List the prime factors of x.
2, 3
Let s(r) = -r**3 - 12*r**2 - 20*r + 27. Let n be (-33)/12*(4/(-2) + 6). What are the prime factors of s(n)?
2, 3, 7
Let s = -12 - -15. Let f = -49 - s. Let o = 75 + f. List the prime factors of o.
23
Suppose 2*y = 4, -4*a - 43*y + 41*y = -8384. What are the prime factors of a?
5, 419
Let c = -11 + -2. Let y = c + 8. List the prime factors of (2/4)/(y/(-130)).
13
Suppose 0 = -3*d - 2*t + 160, -6*t + t + 92 = 2*d. Suppose 2*i + i = -x - 98, x = 2*i + 67. Let k = i + d. List the prime factors of k.
23
Let t(s) = 4*s - 4*s + 0*s + 5*s. Let y be ((-2)/(-1) - -1)*1. List the prime factors of t(y).
3, 5
Suppose 0 = -3*m + 24389 - 7829. List the prime factors of m.
2, 3, 5, 23
Let c = 40 - 12. List the prime factors of (-7)/(-2)*208/c.
2, 13
Let q = -22 - -48. Suppose q = 2*a - a. Suppose -3*d + 2*w = d - a, 5*d + 4*w = 39. List the prime factors of d.
7
Suppose -54 = -2*k + 16. List the prime factors of k.
5, 7
Let z(w) = -635*w - 72. List the prime factors of z(-4).
2, 617
Suppose -k - 15 - 18 = 5*c, -5*k = 4*c + 39. Let w be 4*c/4*2. List the prime factors of w*((-108)/8)/3.
2, 3
Let h(i) = -i**3 - 2*i**2 - 5*i - 5. Let n be h(-2). Suppose -n*v + 34 = -21. What are the prime factors of v?
11
Let x = -187 + 115. Let i = 161 + x. List the prime factors of i.
89
Let p = -23 + 30. Suppose -1 + p = a. Suppose -3*k + x = -148, 4*k + a*x = 2*x + 176. List the prime factors of k.
2, 3
Suppose -154253 = -38*p - 37745. List the prime factors of p.
2, 3, 7, 73
Suppose 16093 = -17*c + 71513. List the prime factors of c.
2, 5, 163
Let z(f) = -f - 2. Let j be z(4). List the prime factors of 1380/18 - (-4)/j.
2, 19
Let p(r) = -r**2 - 6*r + 3. Let h be p(-6). Suppose q - 65 - 34 = 5*g, -q = -3*g - 95. Suppose -3*y - y - 8 = 0, -h*f - 2*y = -q. List the prime factors of f.
31
Let m be 0 + 22 + -3 + -3. Suppose 5*j + m = -2*q, 2 = -q + j + 1. What are the prime factors of (2 - (-8 - q)) + 1?
2
Let m be (15/(-10) + 46/(-4))*-1. Suppose 23 = 14*d - m*d. List the prime factors of d.
23
Let f(q) = 7*q**3 - 3*q**2 - 8*q - 23. Let n(h) = 20*h**3 - 8*h**2 - 24*h - 68. Let b(a) = 17*f(a) - 6*n(a). What are the prime factors of b(-8)?
3, 7, 13
Let a(i) be the second derivative of i**5/20 - 7*i**4/12 - i**3 + 5*i**2 + i. Suppose 10*v - 63 - 17 = 0. List the prime factors of a(v).
2, 13
Suppose -4*s + 660 = s. Let d = 188 - s. List the prime factors of d.
2, 7
Suppose 22*k - 5*k = 20570. What are the prime factors of k?
2, 5, 11
Let l(q) = -q**2 - 7*q - 12. Let c be l(-8). Let f = c + 37. What are the prime factors of f?
17
Let l(z) = 0 - 21*z + 3 - 55*z - 2. What are the prime factors of l(-1)?
7, 11
Let t = -159 + -62. Let n = t + 322. List the prime factors of n.
101
Suppose 2*b = 4*i + 4383 - 357, 3*i = 4*b - 8062. What are the prime factors of b?
2017
Let g be (12/(-8) - -3)*2. Suppose -4*j + 10 + 0 = -2*q, -j - g*q = 1. What are the prime factors of j + 5 + (-5 - -7)?
3
Let s(f) = f**2 + 0 + 7*f**2 + 1 - 9*f**2 - 5*f. Let g be s(-3). What are the prime factors of 4/2 - (g + -9)?
2
Let p = -407 + 579. What are the prime factors of p?
2, 43
Suppose 3*h = 1536 + 303. Suppose -h - 2471 = -12*o. What are the prime factors of o?
257
Let r(n) = n - 1. Let s(q) = -66*q**2 + 3*q - 2. Let g(t) = 3*r(t) - s(t). List the prime factors of g(1).
5, 13
Suppose 55 + 15 = 2*r. Suppose 2*z - 730 = -8*z. Let f = z - r. What are the prime factors of f?
2, 19
Suppose 2*u - 1036 = -4*b, 4*u = -b - 0*u + 266. What are the prime factors of b?
2, 3, 43
Suppose 3*v + 967 = 5*d, -943 = -5*d - 2*v - v. Let p = d + -103. What are the prime factors of p?
2, 11
Let y(g) = -14 - 5*g**3 + 3*g**2 + 9 - 4*g + g**3. Let n be y(-4). List the prime factors of (4/(-5))/((-18)/n).
2, 7
Let l(d) = 2*d**2 - 2*d. Let k be l(1). Suppose 122 = 3*r - 4*w, 2*r - r + 5*w - 9 = k. List the prime factors of r.
2, 17
Let n(b) = 2*b**3 - 18*b**2 - 8*b + 25. List the prime factors of n(10).
5, 29
Suppose -5*u = 4*c, 42*u = 39*u - 2*c. Let s(x) = -x + 1. Let t be s(-3). Suppose t*g + 25 - 137 = u. What are the prime factors of g?
2, 7
Let t(y) = -68*y - 695. List the prime factors of t(-12).
11
Let j(p) = 2*p - 7. Let q be j(14). Let g be (0 - 7)*(-9)/q. Suppose 0 = 5*l - g*k - 175, 2*l + 3*k - k - 54 = 0. List the prime factors of l.
2
Suppose 20 + 128 = 4*m. Let q be 19*(-3 - -5 - 3). Let t = q + m. What are the prime factors of t?
2, 3
Suppose 0 = 8*a - 6*a - 100. List the prime factors of a.
2, 5
What are the prime factors of (-482)/(3 + (-49)/35 - 2)?
5, 241
Suppose -795 = -4*g - 5*q, 4*g - 158 - 634 = -4*q. List the prime factors of g.
3, 5, 13
Let d = -675 - -2561. What are the prime factors of d?
2, 23, 41
Let s(q) = q**3 + 9*q**2 + 9*q + 11. Let p be s(-8). Suppose -t + 21 = 3*w + 2*t, w + 13 = 4*t. What are the prime factors of (0 - -168)/w + p?
59
Let v = -2021 + 4218. List the prime factors of v.
13
Let y(a) = 7*a**2 + 15*a + 22. Let q(u) = 13*u**2 + 29*u + 43. Let r(g) = 3*q(g) - 5*y(g). List the prime factors of r(-8).
179
Suppose 0 = 35*c - 39*c + 11168. List the prime factors of c.
2, 349
Suppose 5*s - 3*j = 9 + 47, -4*s = 4*j - 64. Suppose s = -4*f - 0*f - 5*o, -f + 5*o = -3. Let a = f - -4. List the prime factors of a.
2
Suppose -8*i - 196 = -10*i. Let m = -19 + i. List the prime factors of m.
79
Suppose h = -h + 652. Suppose 4*y + 34 = h. What are the prime factors of y?
73
Let i = 475 - 263. Let z = -103 + i. List the prime factors of z.
109
Let g(n) = 9*n**3 - 8*n**2 - 15*n + 1. List the prime factors of g(5).
23, 37
Suppose 12 = 3*a + a. Let h = -447 - -496. Suppose a*y - 23 = h. List the prime factors of y.
2, 3